Let w(k) be the first derivative of 2*k**3/3 + 11*k**2/2 + 4*k - 92. Calculate w(-7).
25
Let d = 458 - 466. Let l(k) = -k**2 - 3*k + 8. Determine l(d).
-32
Let j(c) = -5*c**3 + c**2 - c + 1. Suppose 0 = 3*h - 3*r + 1 - 16, h + 5*r = 35. Suppose -4*a + 13 = m - 4*m, 2*m - h = -2*a. Determine j(m).
-4
Let g be 1/(-1)*-3*1. Let k(m) = m**3 + m**2 - 4*m + 3. Give k(g).
27
Let g(a) = 23*a**2 - 15*a - 13. Let b(j) = -12*j**2 + 8*j + 7. Let u(z) = 11*b(z) + 6*g(z). What is u(-1)?
7
Let h(a) = -a - 2. Let l(c) = c**3 + 2*c**2 + 5*c + 5. Let s(f) = -f**2 - 3*f + 7. Let p be s(-5). Let t be l(p). Let b = t + 18. Calculate h(b).
-1
Let l(s) be the third derivative of -s**4/6 + s**3 - 22*s**2. Let b(d) = -4*d + 6. Let r(i) = 5*b(i) - 4*l(i). Determine r(5).
-14
Suppose 3*k + 4*l + 0*l = 7, 0 = 3*k + 3*l - 3. Let w(x) = x**3 + 4. Let y(m) = -m**3 + m**2 + m - 3. Let i(j) = k*y(j) - 2*w(j). Give i(4).
5
Suppose -3*o - 2*c + 15 = -7*c, o + 3*c + 9 = 0. Suppose -1 = -o*l + l, 2*l = x - 5. Let f(w) = -3*w**3 - 3*w**2 + w**3 + w**x - 2. Give f(-3).
-2
Let z(p) = -p**2 - p - 1. Let v(y) be the third derivative of -y**5/30 + 5*y**4/24 + y**3/3 - 13*y**2. Let u(l) = v(l) - z(l). What is u(6)?
3
Let m be (1 + -1)*5/10. Suppose 0 = -m*n + n + 3. Let p be (0 - n)*4/(-6). Let s(d) = -2*d**2 - 4*d - 2. Give s(p).
-2
Let a(b) = -573342*b + 573344*b + 6 - 2*b**3 - 5*b**2 + 0*b**3. Determine a(-4).
46
Let j(g) be the third derivative of -g**4/8 + g**3/2 + 156*g**2. What is j(-5)?
18
Let x(a) = a**3 + 6*a**2 - a. Let r be (3 + 68/12 - 2)*-3. Let l = r - -14. Calculate x(l).
6
Let c(j) = -j**3 + 2*j**2 - j - 1. Let f = 63 - 57. Let h be (15/9)/(5/f). Calculate c(h).
-3
Let i(o) = 7*o**2 - o + 13. Let r(j) = -2*j**2 + 2*j - 2. Let d(k) = -i(k) - 4*r(k). What is d(5)?
-15
Let l(c) be the second derivative of -c**5/20 - c**4/2 - 5*c**3/6 - 3*c**2 - c. Suppose -12*d + 15*d = 60. Suppose -d = 14*u - 10*u. Determine l(u).
-6
Let b(n) = -2 + 2 - 3*n - 5 + n**2 - 4. Give b(4).
-5
Let x(h) = h + 9. Let w(m) = -m - 4. Let v be w(12). Determine x(v).
-7
Let v(b) be the third derivative of -1/60*b**5 + 0*b - 2/3*b**3 + 5*b**2 + 7/24*b**4 + 0. Give v(5).
6
Let i(k) = k**2 - 4*k + 9. Suppose -3*n = 4*p + 20, 0 = -3*n + 33*p - 35*p - 10. What is i(n)?
9
Let m(o) = -5*o - 1. Suppose -9*w = -10*w + 12. Let b be 10/(-6) + 8/w. Calculate m(b).
4
Let h(f) = 2*f**2 + 96*f - 104. Let q be h(-49). Let o(n) = 7*n + 8. Determine o(q).
-34
Let u(x) = 3*x**2 - 12*x + 12. Let f(n) = 16*n**2 - 61*n + 60. Let k(p) = -2*f(p) + 11*u(p). Suppose -4*y = 2*v + 2, -352 = 4*v - y - 393. What is k(v)?
3
Let z(f) = f**3 - 15*f**2 - 17*f + 18. Let l be z(16). Suppose -3*s - 1 = 4*u, 5*s - l = -0*s - 3*u. Let c(x) = -2 + 2 - x - 2*x**2 + 2*x. Give c(s).
-1
Let k(a) = -4*a**3 - a**2 + 1. Let f(r) = -11*r**3 - 7*r**2 - 3*r + 5. Let m(o) = f(o) - 3*k(o). Let b be 32/12*(-6)/(-4). Calculate m(b).
-10
Suppose 0 = 5*j + 24 + 121. Let a(r) = -13*r + 3. Let c be a(2). Let g = c - j. Let s(p) = -p**3 + 5*p**2 + 5*p + 4. Give s(g).
-2
Let w(p) be the third derivative of -p**6/120 + 7*p**5/60 - p**4/24 + p**3/2 + p**2. Let h = 1277 + -1270. Determine w(h).
-4
Let r(l) be the third derivative of -l**6/120 - l**5/6 - 5*l**4/8 + 5*l**3/3 + 32*l**2 - 2. Calculate r(-8).
2
Suppose -2 - 2 = -4*c. Let t(b) = -8*b**2 + c - b**2 + 7*b**2 - 2 - 4*b. Give t(-4).
-17
Let i = -6 - -11. Let u(j) = -i + 3 - 4 - j. Determine u(-6).
0
Suppose -3*h = 8*w - 4, 1 + 0 = -w. Let u(s) be the first derivative of -3/2*s**2 + 1/3*s**3 + h - 2*s. Calculate u(3).
-2
Let t = 89 - 95. Let r(c) = 10*c**2 - 7 - 4*c**2 - 4*c + 0*c**3 + c**3 - 2. Give r(t).
15
Let x(t) = -t**2 + 6*t + 5. Suppose -3*j - 36 = -4*z, 4*z + j + 0*j - 20 = 0. Let p be (2/z)/((-8)/(-144)). Determine x(p).
5
Let q(v) = v - 4*v + 1 - 1 - 3 + 6. Suppose 4*u - 16 = -2*r, 6*u - 22 = u - 3*r. Calculate q(u).
-3
Let u(a) = -2*a**2 - 10*a - 8. Let t(r) = r**2 + 22*r - 54. Let x be t(-24). Give u(x).
-20
Let g(a) = -2*a - 2. Let j = 45 + -41. Suppose -j*o - 12 = -6*o. What is g(o)?
-14
Suppose -14*h + 12 = -17*h. Let z(v) = -v**3 - 3*v**2 + 5*v - 5. Give z(h).
-9
Suppose -2*n = 2*h + 16, -4*n = 4*h - 2*h + 6. Let s = -8 - h. Let p(g) = g + 2. Determine p(s).
7
Let n(y) = y + 3 - 4 + 3. Suppose -5*d + 5*g - 4 = 21, -d + 5*g = 1. Calculate n(d).
-4
Let i = -11 + 12. Let y(q) = 40*q - 36*q + i + 2 - 4. Give y(1).
3
Let a = 86 + -176. Let s = a + 91. Let t(j) = 7*j**3 - j**2 + j. Determine t(s).
7
Suppose 8 = -0*m - 2*m. Let z be 19*(-1 - 4/(-3))*3. Let b(g) = 2*g + 14*g**2 - 8*g - 4 - z*g**2 - g**3. Determine b(m).
4
Let h = -4/783 + 863/15660. Let x(g) be the second derivative of -h*g**5 + 0 - g + 0*g**3 - 7/12*g**4 + 1/2*g**2. What is x(-7)?
1
Let d(b) = 1 - 5 + 3 - 5*b. Suppose 2 = v + v. Suppose -n - 2*l = v, 4*n = 2*n - 2*l. Determine d(n).
-6
Suppose 0 = -2*j - 3 + 7. Let m(l) = -4*l + 14*l + 13 + 0*l**2 + l**j. What is m(-9)?
4
Let a(o) be the second derivative of o**5/10 + o**4/12 + o**3/2 - o**2 + 16*o + 2. Let g = 57 - 55. Determine a(g).
24
Let k(j) = -10*j**2 - 1. Let q(v) = -58*v**2 + 2*v - 4. Let u(r) = -6*k(r) + q(r). What is u(-5)?
42
Let h(y) = 2*y - 1. Let k(m) = -2*m + 2. Let p(c) = 3*h(c) + 2*k(c). Let w(r) = 5*r - 4. Let d be w(5). Suppose 5*l + d = 3*z - 9, 3*l + 5*z = 16. Give p(l).
-5
Let n(l) be the first derivative of l**3/3 - l**2/2 + 8*l + 316. Calculate n(0).
8
Let x(l) = -l**3 - 7*l**2 - l + 3. Suppose 10*s = 12*s - 12. Let a be ((-98)/(-21))/(s/(-9)). What is x(a)?
10
Let g = 264 + -156. Let t = 104 - g. Let s(u) = u**3 + 5*u**2 + 7*u + 5. Give s(t).
-7
Let i(k) = 3 + 2*k + 74*k**2 - 38*k**2 - 2 - 35*k**2. What is i(-7)?
36
Suppose -7 - 13 = -5*o. Let w(m) = -3*m**2 + 3 - 2 - 2*m + o*m**2. Let p = -13 - -15. Determine w(p).
1
Suppose -7*g + 9 = -12. Suppose -r - 6 = -g*r. Let p(a) = -a**3 + 2*a**2 + a + 1. Give p(r).
-5
Let z(b) = -5*b - 2 + 12*b + 11*b. Determine z(2).
34
Let l(j) = 5*j**2 - 68*j - 28. Let q(x) = -x**2 + 16*x + 7. Let r(m) = -2*l(m) - 9*q(m). Suppose 3*p = -3*b - 24, 5*b + 2*p + 12 = -22. What is r(b)?
5
Let c = 1 + -3. Let z(g) be the third derivative of -10*g**2 + 1/8*g**4 + 0*g - 1/120*g**6 + 1/6*g**3 + 0 - 1/30*g**5. What is z(c)?
-5
Let k(t) be the first derivative of t - 4 - 7*t**2 + 5*t**2 - 6*t**2. What is k(1)?
-15
Suppose 703 + 107 = 81*j. Let f(h) = h**2 - 12*h - 11. Determine f(j).
-31
Let k = 23 + -20. Let f(j) = 1. Let i(r) = -r + 11. Let w(g) = k*f(g) + i(g). Calculate w(7).
7
Let q(y) = -2*y + 0*y + y**3 - 498*y**2 + 12 + 2*y + 492*y**2. Calculate q(5).
-13
Let x(o) = -39*o + 69. Let u(g) = -4*g + 7. Let q(r) = 21*u(r) - 2*x(r). Give q(2).
-3
Let y(g) = 8*g**2 - 29*g - 1. Let h(i) = i**2 - 8*i - 1. Let k(t) = -4*h(t) + y(t). Determine k(-2).
13
Let b(o) be the third derivative of 1/2*o**3 - 6*o**2 + 0*o + 0 - 1/60*o**5 + 1/12*o**4. Let u = 10 - 6. Calculate b(u).
-5
Let d(x) = -188*x - 12*x + x**2 - 7 + 181*x. What is d(18)?
-25
Let o(j) = 2*j**2 + 6*j - 8. Let a(b) = b**2 + 7*b - 9. Let q(k) = -3*a(k) + 2*o(k). What is q(8)?
3
Let t(z) be the third derivative of 0*z**3 - 7/30*z**5 - 14*z**2 + 0 + 0*z - 1/24*z**4. What is t(1)?
-15
Let l(h) be the third derivative of 1/40*h**5 - 1/8*h**4 + 0*h - 1/6*h**3 + 1/360*h**6 + 0 - 3*h**2. Let i(y) be the first derivative of l(y). Give i(-4).
1
Suppose 15 = -4*x - 3*a, -5*x + 9 = -4*a - 11. Let m(p) = -p**2 + 2*p + 5. Calculate m(x).
5
Let g be 1/(-5) + (-10)/(-50). Let k be ((-12)/(-18))/(2/15). Let w(d) = -k*d - d + g*d + 2*d - 2 - d**2. Calculate w(-2).
2
Let w(k) be the first derivative of -k**4/4 - 5*k**3/3 + 4*k**2 + 1. What is w(-6)?
-12
Let g = -1 + 5. Let t(x) = 0*x**3 - g - 4*x**2 + x + 3*x + x**3 + 0*x. Give t(3).
-1
Let f(m) = m + 10. Let a = 27 + -7. Suppose -54 = -18*h + 216. Let t = h - a. Determine f(t).
5
Let o(i) be the third derivative of 0 + 0*i + 0*i**3 - 1/30*i**5 + 9*i**2 - 7/24*i**4. Determine o(-5).
-15
Let l(y) = -41*y**2 + 14*y - 2. Let c(x) = 7*x**2 - 2*x. Let j(o) = -6*c(o) - l(o). Give j(0).
2
Let l(n) be the first derivative of -n**4/24 - 3*n**3/2 + 10*n**2 + 7. Let d(z) be the second derivative of l(z). Determine d(-8).
-1
Let m(k) = 30*k - 425. Let t be m(14). Let o(f) = f**2 + 8*f + 6. Give o(t).
-9
Let c(w) = -2*w**2 - 11*w + 1. Let z(x) be the thir